{"id":3492,"date":"2023-08-22T20:43:20","date_gmt":"2023-08-22T20:43:20","guid":{"rendered":"http:\/\/ec2-100-20-206-212.us-west-2.compute.amazonaws.com\/?page_id=3492"},"modified":"2023-12-04T17:09:54","modified_gmt":"2023-12-04T17:09:54","slug":"probidad-y-etica","status":"publish","type":"page","link":"https:\/\/www.tsc.gob.hn\/index.php\/probidad-y-etica\/","title":{"rendered":"Probidad y \u00c9tica"},"content":{"rendered":"\t\t<div data-elementor-type=\"wp-page\" data-elementor-id=\"3492\" class=\"elementor elementor-3492\">\n\t\t\t\t\t\t<section class=\"elementor-section elementor-top-section elementor-element elementor-element-516d7c4 elementor-section-full_width elementor-section-height-default elementor-section-height-default\" data-id=\"516d7c4\" data-element_type=\"section\" data-e-type=\"section\">\n\t\t\t\t\t\t<div class=\"elementor-container elementor-column-gap-no\">\n\t\t\t\t\t<div class=\"elementor-column elementor-col-100 elementor-top-column elementor-element elementor-element-316f47f\" data-id=\"316f47f\" data-element_type=\"column\" data-e-type=\"column\">\n\t\t\t<div class=\"elementor-widget-wrap elementor-element-populated\">\n\t\t\t\t\t\t<div class=\"elementor-element elementor-element-f0b6d25 definiciones-probidad-etica elementor-widget elementor-widget-govity-history\" data-id=\"f0b6d25\" data-element_type=\"widget\" data-e-type=\"widget\" data-widget_type=\"govity-history.default\">\n\t\t\t\t<div class=\"elementor-widget-container\">\n\t\t\t\t\t    <!--History One Start-->\r\n    <section class=\"history-one\">\r\n        <div class=\"history-one__top\">\r\n            <div class=\"container\">\r\n                <div class=\"section-title text-center\">\r\n                    <div class=\"section-title__icon\">\r\n                                            <\/div>\r\n                    <h2 class=\"section-title__title\">Definiciones importantes en este \u00e1mbito<\/h2>                <\/div>\r\n            <\/div>\r\n        <\/div>\r\n        <div class=\"history-one__bottom\">\r\n            <div class=\"history-one__wrap\">\r\n                <div class=\"history-one__shape-1\">\r\n                                    <\/div>\r\n                <div class=\"container\">\r\n                    <div class=\"history-one__inner\">\r\n                        <div class=\"history-one__slider\">\r\n\r\n                            <div class=\"history-one__thumb-box\">\r\n                                <div class=\"swiper-container\" id=\"history-one__thumb\">\r\n                                    <div class=\"swiper-wrapper\">\r\n                                        \r\n                                            <div class=\"swiper-slide\">\r\n                                                <div class=\"history-one__date-box\">\r\n                                                    <div class=\"history-one__circle-one\">\r\n                                                        <div class=\"history-one__circle-two\">\r\n                                                            <div class=\"history-one__circle-three\"><\/div>\r\n                                                        <\/div>\r\n                                                    <\/div>\r\n                                                                                                    <\/div>\r\n                                            <\/div><!-- \/.swiper-slide -->\r\n\r\n                                        \r\n                                            <div class=\"swiper-slide\">\r\n                                                <div class=\"history-one__date-box\">\r\n                                                    <div class=\"history-one__circle-one\">\r\n                                                        <div class=\"history-one__circle-two\">\r\n                                                            <div class=\"history-one__circle-three\"><\/div>\r\n                                                        <\/div>\r\n                                                    <\/div>\r\n                                                                                                    <\/div>\r\n                                            <\/div><!-- \/.swiper-slide -->\r\n\r\n                                        \r\n                                            <div class=\"swiper-slide\">\r\n                                                <div class=\"history-one__date-box\">\r\n                                                    <div class=\"history-one__circle-one\">\r\n                                                        <div class=\"history-one__circle-two\">\r\n                                                            <div class=\"history-one__circle-three\"><\/div>\r\n                                                        <\/div>\r\n                                                    <\/div>\r\n                                                                                                    <\/div>\r\n                                            <\/div><!-- \/.swiper-slide -->\r\n\r\n                                                                            <\/div><!-- \/.swiper-wrapper -->\r\n                                <\/div><!-- \/#testimonials-one__thumb.swiper-container -->\r\n                                <div class=\"history-one__nav\">\r\n                                    <div class=\"swiper-button-prev\" id=\"history-one__swiper-button-next\">\r\n                                        <i class=\"icon-left-arrow\"><\/i>\r\n                                    <\/div>\r\n                                    <div class=\"swiper-button-next\" id=\"history-one__swiper-button-prev\">\r\n                                        <i class=\"icon-right-arrow\"><\/i>\r\n                                    <\/div>\r\n                                <\/div>\r\n                            <\/div>\r\n\r\n                            <div class=\"history-one__main-content\">\r\n                                <div class=\"swiper-container\" id=\"history-one__carousel\">\r\n                                    <div class=\"swiper-wrapper\">\r\n                                                                                    <div class=\"swiper-slide\">\r\n                                                <div class=\"history-one__content\">\r\n                                                    <div class=\"row\">\r\n                                                        <div class=\"col-xl-6 col-lg-6\">\r\n                                                            <div class=\"history-one__content-left\">\r\n                                                                <h4 class=\"history-one__content-title\">Probidad<\/h4><p class=\"history-one__content-text\">Conforme lo establecido en el Art\u00edculo 83 literal e) del Reglamento General de la Ley Org\u00e1nica del Tribunal Superior de Cuentas, se entiende por probidad el mantener una conducta intachable en sus actuaciones al administrar recursos p\u00fablicos con entrega leal y honesta al desempe\u00f1o de las tareas que le sean asignadas, siendo este t\u00e9rmino la antitesis de corrupci\u00f3n; flagelo que socava las instituciones democr\u00e1ticas, impidiendo el desarrollo por la desigual distribuci\u00f3n de los recursos econ\u00f3micos del Estado.  <br> <br>Corrupci\u00f3n es el acto de corromper, de pervertir, de violar un deber con prop\u00f3sitos deshonestos.- \"Socava la legitimidad de las instituciones p\u00fablicas, atenta contra la sociedad, el orden moral y la justicia, as\u00ed como contra el desarrollo integral de los pueblos\" (Convenci\u00f3n Interamericana contra La Corrupci\u00f3n ).\n<br><br>\nEl fen\u00f3meno de la corrupci\u00f3n afecta a todas las sociedades al debilitar las instituciones democr\u00e1ticas, ocasionando una distribuci\u00f3n desigual de los recursos econ\u00f3micos, impide el desarrollo y genera en los ciudadanos desconfianza hacia los funcionarios p\u00fablicos.<\/p>                                                                <ul class=\"list-unstyled history-one__poins ml-0\">\r\n                                                                                                                                    <\/ul>\r\n                                                            <\/div>\r\n                                                        <\/div>\r\n                                                        <div class=\"col-xl-6 col-lg-6\">\r\n                                                            <div class=\"history-one__content-right\">\r\n                                                                <div class=\"history-one__content-img\">\r\n                                                                                                                                    <\/div>\r\n                                                            <\/div>\r\n                                                        <\/div>\r\n                                                    <\/div>\r\n                                                <\/div>\r\n                                            <\/div><!-- \/.swiper-slide -->\r\n                                                                                    <div class=\"swiper-slide\">\r\n                                                <div class=\"history-one__content\">\r\n                                                    <div class=\"row\">\r\n                                                        <div class=\"col-xl-6 col-lg-6\">\r\n                                                            <div class=\"history-one__content-left\">\r\n                                                                <h4 class=\"history-one__content-title history-one__content-title\">\u00c9tica<\/h4><p class=\"history-one__content-text history-one__content-text\">Refiere al estudio de actos morales y la vinculaci\u00f3n con la conducta humana, siendo un elemento b\u00e1sico en la eliminaci\u00f3n de las formas que propician la corrupci\u00f3n.- Al inculcar y formar a funcionarios estatales dentro de los principios rectitud, honradez, responsabilidad, integridad, probidad, objetividad e imparcialidad, calidad de servicio, respeto al bien com\u00fan y transparencia, mediante los cuales pueda regirse y rechazar cualquier conducta que se anteponga a la probidad; es decir que la lucha contra la corrupci\u00f3n no puede ser exclusivamente coercitiva sino preventiva, de formaci\u00f3n y promoci\u00f3n de valores \u00e9ticos.<br><br>\n\nDesde esta perspectiva la Direcci\u00f3n de Probidad y \u00c9tica pretende implantar dentro de la Administraci\u00f3n P\u00fablica un sistema de transparencia estatal que inicie desde la adopci\u00f3n de la normativa jur\u00eddica encaminada a regular los deberes y actuaciones de los servidores p\u00fablicos dentro del marco de legalidad y conducta \u00e9tica, implementando capacitaci\u00f3n gradual a los sujetos pasivos contemplados en la Ley Org\u00e1nica del Tribunal Superior de Cuentas con el prop\u00f3sito de lograr un cambio de actitud, fortaleciendo los principios morales de su formaci\u00f3n familiar.<\/p>                                                                <ul class=\"list-unstyled history-one__poins ml-0\">\r\n                                                                                                                                    <\/ul>\r\n                                                            <\/div>\r\n                                                        <\/div>\r\n                                                        <div class=\"col-xl-6 col-lg-6\">\r\n                                                            <div class=\"history-one__content-right\">\r\n                                                                <div class=\"history-one__content-img\">\r\n                                                                                                                                    <\/div>\r\n                                                            <\/div>\r\n                                                        <\/div>\r\n                                                    <\/div>\r\n                                                <\/div>\r\n                                            <\/div><!-- \/.swiper-slide -->\r\n                                                                                    <div class=\"swiper-slide\">\r\n                                                <div class=\"history-one__content\">\r\n                                                    <div class=\"row\">\r\n                                                        <div class=\"col-xl-6 col-lg-6\">\r\n                                                            <div class=\"history-one__content-left\">\r\n                                                                <h4 class=\"history-one__content-title history-one__content-title history-one__content-title\">Nuestro objetivo<\/h4><p class=\"history-one__content-text history-one__content-text history-one__content-text\">Establecer las condiciones para asegurar el ejercicio correcto de las actuaciones de los servidores p\u00fablicos y de aquellas personas vinculadas con actividades financieras y econ\u00f3mico-patrimoniales relacionadas con el Estado, a fin de que dichas actuaciones est\u00e9n enmarcadas en principios de legalidad y valores \u00e9ticos de integridad, imparcialidad, probidad, transparencia, responsabilidad y de eficiencia que aseguren un adecuado servicio a la colectividad; as\u00ed como salvaguardar el patrimonio del Estado, previniendo, investigando y sancionando a los servidores p\u00fablicos que se valgan de sus cargos, empleos, o influencias para enriquecerse il\u00edcitamente o cometer otros actos de corrupci\u00f3n.<\/p>                                                                <ul class=\"list-unstyled history-one__poins ml-0\">\r\n                                                                                                                                    <\/ul>\r\n                                                            <\/div>\r\n                                                        <\/div>\r\n                                                        <div class=\"col-xl-6 col-lg-6\">\r\n                                                            <div class=\"history-one__content-right\">\r\n                                                                <div class=\"history-one__content-img\">\r\n                                                                                                                                    <\/div>\r\n                                                            <\/div>\r\n                                                        <\/div>\r\n                                                    <\/div>\r\n                                                <\/div>\r\n                                            <\/div><!-- \/.swiper-slide -->\r\n                                                                            <\/div><!-- \/.swiper-wrapper -->\r\n                                <\/div>\r\n                            <\/div>\r\n\r\n                        <\/div>\r\n                    <\/div>\r\n                <\/div>\r\n            <\/div>\r\n        <\/div>\r\n    <\/section>\r\n    <!--History One End-->\r\n\t\t\t\t<\/div>\n\t\t\t\t<\/div>\n\t\t\t\t\t<\/div>\n\t\t<\/div>\n\t\t\t\t\t<\/div>\n\t\t<\/section>\n\t\t\t\t<section class=\"elementor-section elementor-top-section elementor-element elementor-element-65d1f92 probidad-etica-funciones elementor-section-boxed elementor-section-height-default elementor-section-height-default\" data-id=\"65d1f92\" data-element_type=\"section\" data-e-type=\"section\">\n\t\t\t\t\t\t<div class=\"elementor-container elementor-column-gap-default\">\n\t\t\t\t\t<div class=\"elementor-column elementor-col-66 elementor-top-column elementor-element elementor-element-8fa5cf1\" data-id=\"8fa5cf1\" data-element_type=\"column\" data-e-type=\"column\">\n\t\t\t<div class=\"elementor-widget-wrap elementor-element-populated\">\n\t\t\t\t\t\t<div class=\"elementor-element elementor-element-f6ff6a0 elementor-widget elementor-widget-heading\" data-id=\"f6ff6a0\" data-element_type=\"widget\" data-e-type=\"widget\" data-widget_type=\"heading.default\">\n\t\t\t\t<div class=\"elementor-widget-container\">\n\t\t\t\t\t<h2 class=\"elementor-heading-title elementor-size-default\">Funciones del TSC en el marco de la Probidad y \u00c9tica<\/h2>\t\t\t\t<\/div>\n\t\t\t\t<\/div>\n\t\t\t\t<div class=\"elementor-element elementor-element-7783cab elementor-widget elementor-widget-text-editor\" data-id=\"7783cab\" data-element_type=\"widget\" data-e-type=\"widget\" data-widget_type=\"text-editor.default\">\n\t\t\t\t<div class=\"elementor-widget-container\">\n\t\t\t\t\t\t\t\t\t<div class=\"service-details__text-box\"><p>Proponer los planes y programas que fortalezcan el accionar de las Instituci\u00f3n en materia de \u00e9tica p\u00fablica.<\/p><\/div>\t\t\t\t\t\t\t\t<\/div>\n\t\t\t\t<\/div>\n\t\t\t\t<div class=\"elementor-element elementor-element-e941b54 elementor-widget elementor-widget-text-editor\" data-id=\"e941b54\" data-element_type=\"widget\" data-e-type=\"widget\" data-widget_type=\"text-editor.default\">\n\t\t\t\t<div class=\"elementor-widget-container\">\n\t\t\t\t\t\t\t\t\t<div class=\"service-details__text-box\"><p>Proponer, asesorar y orientar la adopci\u00f3n de medidas preventivas conducentes al establecimiento de una cultura de transparencia y \u00e9tica p\u00fablica en la administraci\u00f3n p\u00fablica.<\/p><\/div>\t\t\t\t\t\t\t\t<\/div>\n\t\t\t\t<\/div>\n\t\t\t\t<div class=\"elementor-element elementor-element-f8167fd elementor-widget elementor-widget-text-editor\" data-id=\"f8167fd\" data-element_type=\"widget\" data-e-type=\"widget\" data-widget_type=\"text-editor.default\">\n\t\t\t\t<div class=\"elementor-widget-container\">\n\t\t\t\t\t\t\t\t\t<div class=\"service-details__text-box\"><p>Promover el uso de mecanismos tecnol\u00f3gicos para la recepci\u00f3n de la Declaraci\u00f3n Jurada de Bienes.<\/p><\/div>\t\t\t\t\t\t\t\t<\/div>\n\t\t\t\t<\/div>\n\t\t\t\t<div class=\"elementor-element elementor-element-9783792 elementor-widget elementor-widget-text-editor\" data-id=\"9783792\" data-element_type=\"widget\" data-e-type=\"widget\" data-widget_type=\"text-editor.default\">\n\t\t\t\t<div class=\"elementor-widget-container\">\n\t\t\t\t\t\t\t\t\t<div class=\"service-details__text-box\"><p>Establecer mecanismos de informaci\u00f3n y coordinaci\u00f3n, que permitan un adecuado aprovechamiento de los recursos, facilite y agilice los trabajos, complemente esfuerzos y fomente la cooperaci\u00f3n entre dependencias de la Instituci\u00f3n.<\/p><\/div>\t\t\t\t\t\t\t\t<\/div>\n\t\t\t\t<\/div>\n\t\t\t\t<div class=\"elementor-element elementor-element-61c50e0 elementor-widget elementor-widget-text-editor\" data-id=\"61c50e0\" data-element_type=\"widget\" data-e-type=\"widget\" data-widget_type=\"text-editor.default\">\n\t\t\t\t<div class=\"elementor-widget-container\">\n\t\t\t\t\t\t\t\t\t<div class=\"service-details__text-box\"><p>Formular, orientar y dirigir el sistema de transparencia de la gesti\u00f3n de los servidores p\u00fablicos.<\/p><\/div>\t\t\t\t\t\t\t\t<\/div>\n\t\t\t\t<\/div>\n\t\t\t\t<div class=\"elementor-element elementor-element-fc12066 elementor-widget elementor-widget-text-editor\" data-id=\"fc12066\" data-element_type=\"widget\" data-e-type=\"widget\" data-widget_type=\"text-editor.default\">\n\t\t\t\t<div class=\"elementor-widget-container\">\n\t\t\t\t\t\t\t\t\t<div class=\"service-details__text-box\"><p>Promover la creaci\u00f3n de los comit\u00e9s de \u00e9tica, en las correspondientes oficinas del sector p\u00fablico.<\/p><\/div>\t\t\t\t\t\t\t\t<\/div>\n\t\t\t\t<\/div>\n\t\t\t\t<div class=\"elementor-element elementor-element-24bed7b elementor-widget elementor-widget-text-editor\" data-id=\"24bed7b\" data-element_type=\"widget\" data-e-type=\"widget\" data-widget_type=\"text-editor.default\">\n\t\t\t\t<div class=\"elementor-widget-container\">\n\t\t\t\t\t\t\t\t\t<div class=\"service-details__text-box\"><p>Proponer al TSC las normas de conducta para el correcto, honorable y adecuado cumplimiento de las funciones p\u00fablicas.<\/p><\/div>\t\t\t\t\t\t\t\t<\/div>\n\t\t\t\t<\/div>\n\t\t\t\t<div class=\"elementor-element elementor-element-b9728dd elementor-widget elementor-widget-text-editor\" data-id=\"b9728dd\" data-element_type=\"widget\" data-e-type=\"widget\" data-widget_type=\"text-editor.default\">\n\t\t\t\t<div class=\"elementor-widget-container\">\n\t\t\t\t\t\t\t\t\t<div class=\"service-details__text-box\"><p>Coordinar las relaciones del TSC, como ente central de Honduras para la ejecuci\u00f3n de la Convenci\u00f3n Interamericana Contra la Corrupci\u00f3n , en lo que se refiere a su implementaci\u00f3n, solicitando d\u00e9 asistencia y cooperaci\u00f3n a que se refiere dicha Convenci\u00f3n.<\/p><\/div>\t\t\t\t\t\t\t\t<\/div>\n\t\t\t\t<\/div>\n\t\t\t\t<div class=\"elementor-element elementor-element-af8a8d9 elementor-widget elementor-widget-text-editor\" data-id=\"af8a8d9\" data-element_type=\"widget\" data-e-type=\"widget\" data-widget_type=\"text-editor.default\">\n\t\t\t\t<div class=\"elementor-widget-container\">\n\t\t\t\t\t\t\t\t\t<div class=\"service-details__text-box\"><p>Ejecutar las dem\u00e1s funciones que le sean asignadas en el marco de su competencia.<\/p><\/div>\t\t\t\t\t\t\t\t<\/div>\n\t\t\t\t<\/div>\n\t\t\t\t\t<\/div>\n\t\t<\/div>\n\t\t\t\t<div class=\"elementor-column elementor-col-33 elementor-top-column elementor-element elementor-element-f951b69\" data-id=\"f951b69\" data-element_type=\"column\" data-e-type=\"column\">\n\t\t\t<div class=\"elementor-widget-wrap elementor-element-populated\">\n\t\t\t\t\t\t<div class=\"elementor-element elementor-element-7435dc6 boton-normativa elementor-widget elementor-widget-govity-button\" data-id=\"7435dc6\" data-element_type=\"widget\" data-e-type=\"widget\" data-widget_type=\"govity-button.default\">\n\t\t\t\t<div class=\"elementor-widget-container\">\n\t\t\t\t\t    <div class=\"event-details__btn-box\">\r\n        <a class=\"event-details__btn thm-btn\" href=\"index.php\/normativa\/%20\"  >Normativa<\/a>    <\/div>\r\n\t\t\t\t<\/div>\n\t\t\t\t<\/div>\n\t\t\t\t<div class=\"elementor-element elementor-element-0391d0f enlace-probidad-etica elementor-widget elementor-widget-govity-sidebar-call-to-action\" data-id=\"0391d0f\" data-element_type=\"widget\" data-e-type=\"widget\" data-widget_type=\"govity-sidebar-call-to-action.default\">\n\t\t\t\t<div class=\"elementor-widget-container\">\n\t\t\t\t\t\r\n    <div class=\"department-details__great-place\">\r\n        <div class=\"department-details__great-place-bg\" style=\"background-image: url();\">\r\n        <\/div>\r\n        <div class=\"department-details__great-place-icon\">\r\n            <span aria-hidden=\"true\" class=\"  fas fa-chalkboard-teacher\"><\/span>        <\/div>\r\n        <p class=\"department-details__great-place-text\">Comit\u00e9s<br>\n<p>\nDesde el a\u00f1o 2007 el TSC ha promovido la creaci\u00f3n de los CPE en las distintas instituciones gubernamentales a nivel nacional, con el fin de promover el cumplimento de las normas de la conducta \u00e9tica internamente.<\/p><br><\/p>        <a class=\"department-details__great-place-btn thm-btn\" href=\"\/index.php\/probidad-y-etica\/comites\/\"  >Ver los comit\u00e9s<\/a>    <\/div>\r\n\r\n\t\t\t\t<\/div>\n\t\t\t\t<\/div>\n\t\t\t\t\t<\/div>\n\t\t<\/div>\n\t\t\t\t\t<\/div>\n\t\t<\/section>\n\t\t\t\t<\/div>\n\t\t","protected":false},"excerpt":{"rendered":"<p>Definiciones importantes en este \u00e1mbito Probidad Conforme lo establecido en el Art\u00edculo 83 literal e) del Reglamento General de la Ley Org\u00e1nica del Tribunal Superior de Cuentas, se entiende por probidad el mantener una conducta intachable en sus actuaciones al administrar recursos p\u00fablicos con entrega leal y honesta al desempe\u00f1o de las tareas que le [&hellip;]<\/p>\n","protected":false},"author":1,"featured_media":0,"parent":0,"menu_order":0,"comment_status":"closed","ping_status":"closed","template":"elementor_header_footer","meta":{"_uag_custom_page_level_css":"","_monsterinsights_skip_tracking":false,"_monsterinsights_sitenote_active":false,"_monsterinsights_sitenote_note":"","_monsterinsights_sitenote_category":0,"_uf_show_specific_survey":0,"_uf_disable_surveys":false,"footnotes":""},"class_list":["post-3492","page","type-page","status-publish","hentry"],"aioseo_notices":[],"uagb_featured_image_src":{"full":false,"thumbnail":false,"medium":false,"medium_large":false,"large":false,"1536x1536":false,"2048x2048":false,"govity_blog_370X304":false,"govity_blog_200X283":false,"govity_blog_770X428":false,"govity_brand_logo_202X102":false,"govity_brand_woo_270X308":false,"govity_brand_70X70":false},"uagb_author_info":{"display_name":"tsc_super_user","author_link":"https:\/\/www.tsc.gob.hn\/index.php\/author\/tsc_super_user\/"},"uagb_comment_info":0,"uagb_excerpt":"Definiciones importantes en este \u00e1mbito Probidad Conforme lo establecido en el Art\u00edculo 83 literal e) del Reglamento General de la Ley Org\u00e1nica del Tribunal Superior de Cuentas, se entiende por probidad el mantener una conducta intachable en sus actuaciones al administrar recursos p\u00fablicos con entrega leal y honesta al desempe\u00f1o de las tareas que le&hellip;","_links":{"self":[{"href":"https:\/\/www.tsc.gob.hn\/index.php\/wp-json\/wp\/v2\/pages\/3492","targetHints":{"allow":["GET"]}}],"collection":[{"href":"https:\/\/www.tsc.gob.hn\/index.php\/wp-json\/wp\/v2\/pages"}],"about":[{"href":"https:\/\/www.tsc.gob.hn\/index.php\/wp-json\/wp\/v2\/types\/page"}],"author":[{"embeddable":true,"href":"https:\/\/www.tsc.gob.hn\/index.php\/wp-json\/wp\/v2\/users\/1"}],"replies":[{"embeddable":true,"href":"https:\/\/www.tsc.gob.hn\/index.php\/wp-json\/wp\/v2\/comments?post=3492"}],"version-history":[{"count":103,"href":"https:\/\/www.tsc.gob.hn\/index.php\/wp-json\/wp\/v2\/pages\/3492\/revisions"}],"predecessor-version":[{"id":34229,"href":"https:\/\/www.tsc.gob.hn\/index.php\/wp-json\/wp\/v2\/pages\/3492\/revisions\/34229"}],"wp:attachment":[{"href":"https:\/\/www.tsc.gob.hn\/index.php\/wp-json\/wp\/v2\/media?parent=3492"}],"curies":[{"name":"wp","href":"https:\/\/api.w.org\/{rel}","templated":true}]}}