{"id":2813,"date":"2023-08-17T20:43:06","date_gmt":"2023-08-17T20:43:06","guid":{"rendered":"http:\/\/ec2-100-20-206-212.us-west-2.compute.amazonaws.com\/?page_id=2813"},"modified":"2026-02-18T14:05:15","modified_gmt":"2026-02-18T20:05:15","slug":"informes-de-auditorias-de-gobierno-central-instituciones-descentralizadas-y-desconcentradas-autonomas-y-semi-autonomas","status":"publish","type":"page","link":"https:\/\/www.tsc.gob.hn\/index.php\/informes-de-auditoria\/informes-de-auditorias-de-gobierno-central-instituciones-descentralizadas-y-desconcentradas-autonomas-y-semi-autonomas\/","title":{"rendered":"Informes de Auditor\u00edas de Gobierno Central, Instituciones Descentralizadas y Desconcentradas, Aut\u00f3nomas y Semi-aut\u00f3nomas\u00a0"},"content":{"rendered":"\t\t<div data-elementor-type=\"wp-page\" data-elementor-id=\"2813\" class=\"elementor elementor-2813\">\n\t\t\t\t\t\t<section class=\"elementor-section elementor-top-section elementor-element elementor-element-a7a0e9b elementor-section-boxed elementor-section-height-default elementor-section-height-default\" data-id=\"a7a0e9b\" data-element_type=\"section\" data-e-type=\"section\">\n\t\t\t\t\t\t<div class=\"elementor-container elementor-column-gap-default\">\n\t\t\t\t\t<div class=\"elementor-column elementor-col-100 elementor-top-column elementor-element elementor-element-ebca46c\" data-id=\"ebca46c\" data-element_type=\"column\" data-e-type=\"column\">\n\t\t\t<div class=\"elementor-widget-wrap elementor-element-populated\">\n\t\t\t\t\t\t<div class=\"elementor-element elementor-element-80fd4bd elementor-widget elementor-widget-text-editor\" data-id=\"80fd4bd\" data-element_type=\"widget\" data-e-type=\"widget\" data-widget_type=\"text-editor.default\">\n\t\t\t\t<div class=\"elementor-widget-container\">\n\t\t\t\t\t\t\t\t\t<p style=\"text-align: justify;\"><span style=\"font-weight: 400; color: #000000;\">El Tribunal Superior de Cuentas (TSC) pone a disposici\u00f3n de la ciudadan\u00eda el resultado de la labor de fiscalizaci\u00f3n realizada a las instituciones que conforman el Sector P\u00fablico. Las Gerencias de Auditor\u00edas Sectoriales del TSC velan por el correcto uso de los recursos p\u00fablicos, determinando hallazgos, brindando las correspondientes recomendaciones, su seguimiento y la revisi\u00f3n de los resultados para una mejor gesti\u00f3n.<\/span><\/p><p style=\"text-align: justify;\"><span style=\"font-weight: 400; color: #000000;\">A continuaci\u00f3n podr\u00e1n encontrar los Informes de Auditor\u00eda por sector o \u00e1rea operativa:\u00a0<\/span><\/p>\t\t\t\t\t\t\t\t<\/div>\n\t\t\t\t<\/div>\n\t\t\t\t\t<\/div>\n\t\t<\/div>\n\t\t\t\t\t<\/div>\n\t\t<\/section>\n\t\t<div class=\"elementor-element elementor-element-d2da3a1 gob-central e-flex e-con-boxed e-con e-parent\" data-id=\"d2da3a1\" data-element_type=\"container\" data-e-type=\"container\">\n\t\t\t\t\t<div class=\"e-con-inner\">\n\t\t\t\t<div class=\"elementor-element elementor-element-b039615 elementor-widget elementor-widget-html\" data-id=\"b039615\" data-element_type=\"widget\" data-e-type=\"widget\" data-widget_type=\"html.default\">\n\t\t\t\t<div class=\"elementor-widget-container\">\n\t\t\t\t\t<style>\r\n    .gob-central .card{\r\n        cursor: pointer;\r\n        border-radius: 10px;\r\n    }\r\n    .gob-central .card-title{\r\n        margin-bottom: 1em;\r\n        font-weight: 800;\r\n        color:white;\r\n    }\r\n    .gob-central .card-text{\r\n        color:white;\r\n    }\r\n    .gob-central .row{\r\n        display: flex;\r\n        justify-content: center;\r\n    }\r\n    \r\n<\/style>\r\n\r\n<div class=\"container\" >\r\n  <div class=\"row\" style=\"height:auto; \">\r\n    \r\n   <div class=\"col-sm-12 col-xs-12 col-md-6 col-xl-3 col-lg-3 \" style=\"margin-bottom:3em;\">\r\n      <div class=\"card\" style=\"width: 100%; align-items: center; background-color: #2e2c7a !important; border:none;     height: 100%; \r\n\" onclick=\"\">\r\n  <img decoding=\"async\" class=\"card-img-top\" src=\"\/wp-content\/uploads\/DOCUMENTO_Mesa-de-trabajo-1-copia-10.svg\" alt=\"Card image cap\" style=\"max-width: 4em;     position: relative;\r\n    top: -1em;\">\r\n  <div class=\"card-body text-center\">\r\n    \r\n   <p class=\"card-text\">Desarrollo y Regulaci\u00f3n Econ\u00f3mica<\/p>\r\n\r\n   \r\n  <\/div>\r\n<\/div>\r\n    <\/div>\r\n    <div class=\"col-sm-12 col-xs-12 col-md-6 col-xl-3 col-lg-3 \" style=\"margin-bottom:3em;\">\r\n      <div class=\"card\" style=\"width: 100%; align-items: center; background-color: #2e2c7a !important; border:none;     height: 100%; \r\n\" onclick=\"\">\r\n  <img decoding=\"async\" class=\"card-img-top\" src=\"\/wp-content\/uploads\/DOCUMENTO_Mesa-de-trabajo-1-copia-10.svg\" alt=\"Card image cap\" style=\"max-width: 4em;     position: relative;\r\n    top: -1em;\">\r\n  <div class=\"card-body text-center\">\r\n    \r\n   <p class=\"card-text\">Desarrollo Econ\u00f3mico, Recursos Naturales, Ambientales y Culturales<\/p>\r\n\r\n   \r\n  <\/div>\r\n<\/div>\r\n    <\/div>\r\n    <div class=\"col-sm-12 col-xs-12 col-md-6 col-xl-3 col-lg-3 \" style=\"margin-bottom:3em;\">\r\n      <div class=\"card\" style=\"width: 100%; align-items: center; background-color: #2e2c7a !important; border:none;     height: 100%; \r\n\" onclick=\"\">\r\n  <img decoding=\"async\" class=\"card-img-top\" src=\"\/wp-content\/uploads\/DOCUMENTO_Mesa-de-trabajo-1-copia-10.svg\" alt=\"Card image cap\" style=\"max-width: 4em;     position: relative;\r\n    top: -1em;\">\r\n  <div class=\"card-body text-center\">\r\n    \r\n   <p class=\"card-text\">Infraestructura Productiva e Inversi\u00f3n<\/p>\r\n \r\n   \r\n  <\/div>\r\n<\/div>\r\n    <\/div>\r\n    <div class=\"col-sm-12 col-xs-12 col-md-6 col-xl-3 col-lg-3 \" style=\"margin-bottom:3em;\">\r\n      <div class=\"card\" style=\"width: 100%; align-items: center; background-color: #2e2c7a !important; border:none;     height: 100%; \r\n\" onclick=\"\">\r\n  <img decoding=\"async\" class=\"card-img-top\" src=\"\/wp-content\/uploads\/DOCUMENTO_Mesa-de-trabajo-1-copia-10.svg\" alt=\"Card image cap\" style=\"max-width: 4em;     position: relative;\r\n    top: -1em;\">\r\n  <div class=\"card-body text-center\">\r\n    \r\n   <p class=\"card-text\">Gobernabilidad, Seguridad y Defensa<br><\/p>\r\n\r\n   \r\n  <\/div>\r\n<\/div>\r\n    <\/div>\r\n    <div class=\"col-sm-12 col-xs-12 col-md-6 col-xl-3 col-lg-3 \" style=\"margin-bottom:3em;\">\r\n      <div class=\"card\" style=\"width: 100%; align-items: center; background-color: #2e2c7a !important; border:none;     height: 100%; \r\n\" onclick=\"\">\r\n  <img decoding=\"async\" class=\"card-img-top\" src=\"\/wp-content\/uploads\/DOCUMENTO_Mesa-de-trabajo-1-copia-10.svg\" alt=\"Card image cap\" style=\"max-width: 4em;     position: relative;\r\n    top: -1em;\">\r\n  <div class=\"card-body text-center\">\r\n    \r\n   <p class=\"card-text\">Desarrollo, Inclusi\u00f3n Social y Prevenci\u00f3n<br><\/p>\r\n\r\n   \r\n  <\/div>\r\n<\/div>\r\n    <\/div>\r\n    <div class=\"col-sm-12 col-xs-12 col-md-6 col-xl-3 col-lg-3 \" style=\"margin-bottom:3em;\">\r\n      <div class=\"card\" style=\"width: 100%; align-items: center; background-color: #2e2c7a !important; border:none;     height: 100%; \r\n\" onclick=\"\">\r\n  <img decoding=\"async\" class=\"card-img-top\" src=\"\/wp-content\/uploads\/DOCUMENTO_Mesa-de-trabajo-1-copia-10.svg\" alt=\"Card image cap\" style=\"max-width: 4em;     position: relative;\r\n    top: -1em;\">\r\n  <div class=\"card-body text-center\">\r\n    \r\n   <p class=\"card-text\">Auditor\u00edas en Apoyo a<br><\/p>\r\n <p class=\"card-text\">Organismos Internacionales<br><\/p>\r\n   \r\n  <\/div>\r\n  <p class=\"card-text\"><br><\/p>\r\n<\/div>\r\n    <\/div>\r\n    <div class=\"col-sm-12 col-xs-12 col-md-6 col-xl-3 col-lg-3 \" style=\"margin-bottom:3em;\">\r\n      <div class=\"card\" style=\"width: 100%; align-items: center; background-color: #2e2c7a !important; border:none;     height: 100%; \r\n\" onclick=\"\">\r\n  <img decoding=\"async\" class=\"card-img-top\" src=\"\/wp-content\/uploads\/DOCUMENTO_Mesa-de-trabajo-1-copia-10.svg\" alt=\"Card image cap\" style=\"max-width: 4em;     position: relative;\r\n    top: -1em;\">\r\n  <div class=\"card-body text-center\">\r\n    \r\n   <p class=\"card-text\">Direcci\u00f3n de Auditor\u00edas Centralizadas y Descentralizadas<\/p>\r\n\r\n   \r\n  <\/div>\r\n<\/div>\r\n    <\/div>\r\n      \r\n   <div class=\"col-sm-12 col-xs-12 col-md-6 col-xl-3 col-lg-3 \" style=\"margin-bottom:3em;\">\r\n      <div class=\"card\" style=\"width: 100%; align-items: center; background-color: #2e2c7a !important; border:none;     height: 100%; \r\n\" onclick=\"\">\r\n  <img decoding=\"async\" class=\"card-img-top\" src=\"\/wp-content\/uploads\/DOCUMENTO_Mesa-de-trabajo-1-copia-10.svg\" alt=\"Card image cap\" style=\"max-width: 4em;     position: relative;\r\n    top: -1em;\">\r\n  <div class=\"card-body text-center\">\r\n    \r\n   <p class=\"card-text\">GASGIPSCI<\/p>\r\n\r\n   \r\n  <\/div>\r\n<\/div>\r\n    <\/div>\r\n    \r\n  <\/div>\r\n\r\n<\/div>\t\t\t\t<\/div>\n\t\t\t\t<\/div>\n\t\t\t\t\t<\/div>\n\t\t\t\t<\/div>\n\t\t<div class=\"elementor-element elementor-element-eecfd0a e-flex e-con-boxed e-con e-parent\" data-id=\"eecfd0a\" data-element_type=\"container\" data-e-type=\"container\">\n\t\t\t\t\t<div class=\"e-con-inner\">\n\t\t\t\t<div class=\"elementor-element elementor-element-b864b0e elementor-widget elementor-widget-html\" data-id=\"b864b0e\" data-element_type=\"widget\" data-e-type=\"widget\" data-widget_type=\"html.default\">\n\t\t\t\t<div class=\"elementor-widget-container\">\n\t\t\t\t\t<script> \r\n\r\n\/\/Obteniendo las cards\r\nconst cards = document.querySelectorAll(\".card\");\r\n\r\n\r\n\/\/Agregando las redirecciones con una funci\u00f3n\r\n\/\/1\r\n\r\ncards[0].onclick = function() {myFunction2()}; function myFunction2() {\r\n    window.open(\"index.php\/informes-de-auditoria\/informes-de-auditorias-de-gobierno-central-instituciones-descentralizadas-y-desconcentradas-autonomas-y-semi-autonomas\/desarrollo-y-regulacion-economica\/\", \"_self\");\r\n}\r\n\/\/#2 Desarrollo Econ\u00f3mico, Recursos Naturales, Ambientales y Culturales\r\ncards[1].onclick = function() {myFunction3()}; function myFunction3() {\r\n    window.open(\"index.php\/informes-de-auditoria\/informes-de-auditorias-de-gobierno-central-instituciones-descentralizadas-y-desconcentradas-autonomas-y-semi-autonomas\/desarrollo-economico-recursos-naturales-ambientales-y-culturales\/\", \"_self\");\r\n}\r\n\/\/#3 Infraestructura Productiva e Inversi\u00f3n\r\ncards[2].onclick = function() {myFunction4()}; function myFunction4() {\r\n    window.open(\"\/index.php\/informes-de-auditoria\/informes-de-auditorias-de-gobierno-central-instituciones-descentralizadas-y-desconcentradas-autonomas-y-semi-autonomas\/infraestructura-productiva-e-inversion\/\", \"_self\");\r\n}\r\n\r\n\r\n\r\n\/\/#4 Gobernabilidad, Seguridad y Defensa\r\ncards[3].onclick = function() {myFunction5()}; function myFunction5() {\r\n    window.open(\"index.php\/informes-de-auditoria\/informes-de-auditorias-de-gobierno-central-instituciones-descentralizadas-y-desconcentradas-autonomas-y-semi-autonomas\/informes-de-gobernabilidad-seguridad-y-defensa\/\", \"_self\");\r\n}\r\n\/\/#5 Desarrollo, Inclusi\u00f3n Social y Prevenci\u00f3n\r\ncards[4].onclick = function() {myFunction6()}; function myFunction6() {\r\n    window.open(\"index.php\/informes-de-auditoria\/informes-de-auditorias-de-gobierno-central-instituciones-descentralizadas-y-desconcentradas-autonomas-y-semi-autonomas\/informes-de-desarrollo-inclusion-social-y-prevencion\/\", \"_self\");\r\n}\r\n\/\/#6 Auditor\u00edas en Apoyo a Organismos Internacionales\r\ncards[5].onclick = function() {myFunction7()}; function myFunction7() {\r\n    window.open(\"index.php\/informes-de-auditoria\/informes-de-auditorias-de-gobierno-central-instituciones-descentralizadas-y-desconcentradas-autonomas-y-semi-autonomas\/informes-de-auditorias-en-apoyo-a-organismos-internacionales\/\", \"_self\");\r\n}\r\n\r\n\/\/#7 Direcci\u00f3n de Auditor\u00edas Centralizadas y Descentralizadas\r\ncards[6].onclick = function() {myFunction8()}; function myFunction8() {\r\n    window.open(\"index.php\/informes-de-auditoria\/informes-de-auditorias-de-gobierno-central-instituciones-descentralizadas-y-desconcentradas-autonomas-y-semi-autonomas\/direccion-de-auditorias-centralizadas-y-descentralizadas\/\", \"_self\");\r\n}\r\n\r\n\/\/#8 Gasgipsci\r\ncards[7].onclick = function() {myFunction9()}; function myFunction9() {\r\n    window.open(\"index.php\/gasgipsci\/\", \"_self\");\r\n}\r\n<\/script>\t\t\t\t<\/div>\n\t\t\t\t<\/div>\n\t\t\t\t\t<\/div>\n\t\t\t\t<\/div>\n\t\t\t\t<\/div>\n\t\t","protected":false},"excerpt":{"rendered":"<p>El Tribunal Superior de Cuentas (TSC) pone a disposici\u00f3n de la ciudadan\u00eda el resultado de la labor de fiscalizaci\u00f3n realizada a las instituciones que conforman el Sector P\u00fablico. Las Gerencias de Auditor\u00edas Sectoriales del TSC velan por el correcto uso de los recursos p\u00fablicos, determinando hallazgos, brindando las correspondientes recomendaciones, su seguimiento y la revisi\u00f3n [&hellip;]<\/p>\n","protected":false},"author":1,"featured_media":0,"parent":2784,"menu_order":0,"comment_status":"closed","ping_status":"closed","template":"elementor_header_footer","meta":{"_uag_custom_page_level_css":"","_monsterinsights_skip_tracking":false,"_monsterinsights_sitenote_active":false,"_monsterinsights_sitenote_note":"","_monsterinsights_sitenote_category":0,"_uf_show_specific_survey":0,"_uf_disable_surveys":false,"footnotes":""},"class_list":["post-2813","page","type-page","status-publish","hentry"],"aioseo_notices":[],"uagb_featured_image_src":{"full":false,"thumbnail":false,"medium":false,"medium_large":false,"large":false,"1536x1536":false,"2048x2048":false,"govity_blog_370X304":false,"govity_blog_200X283":false,"govity_blog_770X428":false,"govity_brand_logo_202X102":false,"govity_brand_woo_270X308":false,"govity_brand_70X70":false},"uagb_author_info":{"display_name":"tsc_super_user","author_link":"https:\/\/www.tsc.gob.hn\/index.php\/author\/tsc_super_user\/"},"uagb_comment_info":0,"uagb_excerpt":"El Tribunal Superior de Cuentas (TSC) pone a disposici\u00f3n de la ciudadan\u00eda el resultado de la labor de fiscalizaci\u00f3n realizada a las instituciones que conforman el Sector P\u00fablico. Las Gerencias de Auditor\u00edas Sectoriales del TSC velan por el correcto uso de los recursos p\u00fablicos, determinando hallazgos, brindando las correspondientes recomendaciones, su seguimiento y la revisi\u00f3n&hellip;","_links":{"self":[{"href":"https:\/\/www.tsc.gob.hn\/index.php\/wp-json\/wp\/v2\/pages\/2813","targetHints":{"allow":["GET"]}}],"collection":[{"href":"https:\/\/www.tsc.gob.hn\/index.php\/wp-json\/wp\/v2\/pages"}],"about":[{"href":"https:\/\/www.tsc.gob.hn\/index.php\/wp-json\/wp\/v2\/types\/page"}],"author":[{"embeddable":true,"href":"https:\/\/www.tsc.gob.hn\/index.php\/wp-json\/wp\/v2\/users\/1"}],"replies":[{"embeddable":true,"href":"https:\/\/www.tsc.gob.hn\/index.php\/wp-json\/wp\/v2\/comments?post=2813"}],"version-history":[{"count":329,"href":"https:\/\/www.tsc.gob.hn\/index.php\/wp-json\/wp\/v2\/pages\/2813\/revisions"}],"predecessor-version":[{"id":37605,"href":"https:\/\/www.tsc.gob.hn\/index.php\/wp-json\/wp\/v2\/pages\/2813\/revisions\/37605"}],"up":[{"embeddable":true,"href":"https:\/\/www.tsc.gob.hn\/index.php\/wp-json\/wp\/v2\/pages\/2784"}],"wp:attachment":[{"href":"https:\/\/www.tsc.gob.hn\/index.php\/wp-json\/wp\/v2\/media?parent=2813"}],"curies":[{"name":"wp","href":"https:\/\/api.w.org\/{rel}","templated":true}]}}