{"id":37142,"date":"2025-11-13T13:38:27","date_gmt":"2025-11-13T19:38:27","guid":{"rendered":"https:\/\/www.tsc.gob.hn\/?post_type=dlp_document&#038;p=37142"},"modified":"2025-11-13T13:38:27","modified_gmt":"2025-11-13T19:38:27","slug":"informe-no-001-2023-dafd-gae-asih-b","status":"publish","type":"dlp_document","link":"https:\/\/www.tsc.gob.hn\/index.php\/document\/informe-no-001-2023-dafd-gae-asih-b\/","title":{"rendered":"INFORME No. 001-2023-DAFD-GAE-ASIH-B"},"content":{"rendered":"<p>INVESTIGACI\u00d3N ESPECIAL PRACTICADA A LA ORGANIZACI\u00d3N NO GUBERNAMENTAL DE DESARROLLO (ONGD) ASOCIACI\u00d3N ASI QUIERO VIVIR HONDURAS (ASIH) POR FONDOS PROVENIENTES DEL FONDO DEPARTAMENTAL,PARALAEJECUCI\u00d3N DEL PROYECTO DE MANTENIMIENTO Y REPARACI\u00d3N DE CALLES SECUNDARIAS EN LOS MUNICIPIOS DE ARAMECINA Y CARIDAD DEL DEPARTAMENTO DE VALLE, PER\u00cdODO COMPRENDIDO DEL 01 DE DICIEMBRE DE 2014 AL 12 DE AGOSTO DE 2015.<\/p>\n","protected":false},"excerpt":{"rendered":"<p>INVESTIGACI\u00d3N ESPECIAL PRACTICADA A LA ORGANIZACI\u00d3N NO GUBERNAMENTAL DE DESARROLLO (ONGD) ASOCIACI\u00d3N ASI QUIERO VIVIR HONDURAS (ASIH) POR FONDOS PROVENIENTES DEL FONDO DEPARTAMENTAL,PARALAEJECUCI\u00d3N DEL PROYECTO DE MANTENIMIENTO Y REPARACI\u00d3N DE CALLES SECUNDARIAS EN LOS MUNICIPIOS DE ARAMECINA Y CARIDAD DEL DEPARTAMENTO DE VALLE, PER\u00cdODO COMPRENDIDO DEL 01 DE DICIEMBRE DE 2014 AL 12 DE AGOSTO [&hellip;]<\/p>\n","protected":false},"author":3,"featured_media":0,"template":"","meta":{"_uag_custom_page_level_css":"","_monsterinsights_skip_tracking":false,"_monsterinsights_sitenote_active":false,"_monsterinsights_sitenote_note":"","_monsterinsights_sitenote_category":0,"_uf_show_specific_survey":0,"_uf_disable_surveys":false},"doc_categories":[164],"doc_tags":[],"doc_author":[],"file_type":[59],"class_list":["post-37142","dlp_document","type-dlp_document","status-publish","hentry","doc_categories-auditorias-especiales-category","file_type-pdf"],"download_url":"https:\/\/www.tsc.gob.hn\/wp-content\/uploads\/001-2023-DAFD-GAE-ASIH-B.pdf","file_size":"10 MB","filename":"001-2023-DAFD-GAE-ASIH-B.pdf","download_count":"6","version_history":[],"aioseo_notices":[],"uagb_featured_image_src":{"full":false,"thumbnail":false,"medium":false,"medium_large":false,"large":false,"1536x1536":false,"2048x2048":false,"govity_blog_370X304":false,"govity_blog_200X283":false,"govity_blog_770X428":false,"govity_brand_logo_202X102":false,"govity_brand_woo_270X308":false,"govity_brand_70X70":false},"uagb_author_info":{"display_name":"Ever Bueso","author_link":"https:\/\/www.tsc.gob.hn\/index.php\/author\/tsc_web_adm\/"},"uagb_comment_info":0,"uagb_excerpt":"INVESTIGACI\u00d3N ESPECIAL PRACTICADA A LA ORGANIZACI\u00d3N NO GUBERNAMENTAL DE DESARROLLO (ONGD) ASOCIACI\u00d3N ASI QUIERO VIVIR HONDURAS (ASIH) POR FONDOS PROVENIENTES DEL FONDO DEPARTAMENTAL,PARALAEJECUCI\u00d3N DEL PROYECTO DE MANTENIMIENTO Y REPARACI\u00d3N DE CALLES SECUNDARIAS EN LOS MUNICIPIOS DE ARAMECINA Y CARIDAD DEL DEPARTAMENTO DE VALLE, PER\u00cdODO COMPRENDIDO DEL 01 DE DICIEMBRE DE 2014 AL 12 DE AGOSTO&hellip;","_links":{"self":[{"href":"https:\/\/www.tsc.gob.hn\/index.php\/wp-json\/wp\/v2\/dlp_document\/37142","targetHints":{"allow":["GET"]}}],"collection":[{"href":"https:\/\/www.tsc.gob.hn\/index.php\/wp-json\/wp\/v2\/dlp_document"}],"about":[{"href":"https:\/\/www.tsc.gob.hn\/index.php\/wp-json\/wp\/v2\/types\/dlp_document"}],"author":[{"embeddable":true,"href":"https:\/\/www.tsc.gob.hn\/index.php\/wp-json\/wp\/v2\/users\/3"}],"wp:attachment":[{"href":"https:\/\/www.tsc.gob.hn\/index.php\/wp-json\/wp\/v2\/media?parent=37142"}],"wp:term":[{"taxonomy":"doc_categories","embeddable":true,"href":"https:\/\/www.tsc.gob.hn\/index.php\/wp-json\/wp\/v2\/doc_categories?post=37142"},{"taxonomy":"doc_tags","embeddable":true,"href":"https:\/\/www.tsc.gob.hn\/index.php\/wp-json\/wp\/v2\/doc_tags?post=37142"},{"taxonomy":"doc_author","embeddable":true,"href":"https:\/\/www.tsc.gob.hn\/index.php\/wp-json\/wp\/v2\/doc_author?post=37142"},{"taxonomy":"file_type","embeddable":true,"href":"https:\/\/www.tsc.gob.hn\/index.php\/wp-json\/wp\/v2\/file_type?post=37142"}],"curies":[{"name":"wp","href":"https:\/\/api.w.org\/{rel}","templated":true}]}}

<p>INVESTIGACIÓN ESPECIAL PRACTICADA A LA ORGANIZACIÓN NO GUBERNAMENTAL DE DESARROLLO (ONGD) ASOCIACIÓN ASI QUIERO VIVIR HONDURAS (ASIH) POR FONDOS PROVENIENTES DEL FONDO DEPARTAMENTAL,PARALAEJECUCIÓN DEL PROYECTO DE MANTENIMIENTO Y REPARACIÓN DE CALLES SECUNDARIAS EN LOS MUNICIPIOS DE ARAMECINA Y CARIDAD DEL DEPARTAMENTO DE VALLE, PERÍODO COMPRENDIDO DEL 01 DE DICIEMBRE DE 2014 AL 12 DE AGOSTO DE 2015.</p>

<p>INVESTIGACIÓN ESPECIAL PRACTICADA A LA ORGANIZACIÓN NO GUBERNAMENTAL DE DESARROLLO (ONGD) ASOCIACIÓN ASI QUIERO VIVIR HONDURAS (ASIH) POR FONDOS PROVENIENTES DEL FONDO DEPARTAMENTAL,PARALAEJECUCIÓN DEL PROYECTO DE MANTENIMIENTO Y REPARACIÓN DE CALLES SECUNDARIAS EN LOS MUNICIPIOS DE ARAMECINA Y CARIDAD DEL DEPARTAMENTO DE VALLE, PERÍODO COMPRENDIDO DEL 01 DE DICIEMBRE DE 2014 AL 12 DE AGOSTO [&hellip;]</p>

INVESTIGACIÓN ESPECIAL PRACTICADA A LA ORGANIZACIÓN NO GUBERNAMENTAL DE DESARROLLO (ONGD) ASOCIACIÓN ASI QUIERO VIVIR HONDURAS (ASIH) POR FONDOS PROVENIENTES DEL FONDO DEPARTAMENTAL,PARALAEJECUCIÓN DEL PROYECTO DE MANTENIMIENTO Y REPARACIÓN DE CALLES SECUNDARIAS EN LOS MUNICIPIOS DE ARAMECINA Y CARIDAD DEL DEPARTAMENTO DE VALLE, PERÍODO COMPRENDIDO DEL 01 DE DICIEMBRE DE 2014 AL 12 DE AGOSTO&hellip;
